 25*j**2 + 556*j - 224. Give d(14).
-84
Let o(x) = 4*x**3 + 6*x**2 - 8*x - 14. Give o(-3).
-44
Let d(h) = 2*h**3 + 141*h**2 + 153*h - 3989. Give d(-69).
-263
Let k(w) = -1882*w - 54647. Calculate k(-29).
-69
Let o(b) = b**3 + 7*b**2 - 273*b - 27. What is o(12)?
-567
Let g(j) = -j**3 - 22*j**2 - j + 413. Give g(-18).
-865
Let g(n) = 3*n**3 - 5030*n**2 - 11732*n - 35262. Determine g(1679).
-3
Let x(u) = -u**2 - 2138*u - 798165. Calculate x(-482).
27
Let h(g) = 294*g**2 - 367*g + 366. What is h(1)?
293
Let l(h) = h**2 + 1020*h + 4044. Calculate l(-4).
-20
Let t(h) = -2*h**3 - 235*h**2 - 5499*h + 18920. Determine t(-83).
-4
Let p(o) = 484*o + 20379. What is p(-36)?
2955
Let k(v) = v**3 - 156*v**2 + 6059*v - 408. Give k(72).
384
Let z(a) = -120*a + 4612. Determine z(37).
172
Let w(o) = -o**3 - 68*o**2 - 177*o - 4424. Give w(-66).
-1454
Let k(s) = 2*s**3 + 42*s**2 + 171*s + 2741. What is k(-20)?
121
Let s(h) = 9*h**2 + 685*h + 5948. What is s(-66)?
-58
Let v(s) = -s**2 - 58*s + 327. Give v(-43).
972
Let o(k) = -131*k + 1631. What is o(15)?
-334
Let n(m) = m**3 + 647*m**2 - 2142*m + 590. What is n(3)?
14
Let f(v) = 2*v**3 + 153*v**2 - 864*v + 3167. What is f(-82)?
51
Let w(m) = 2*m**3 + 248*m**2 + 2281*m + 121. What is w(-114)?
7
Let l(v) = -994*v + 97916. What is l(101)?
-2478
Let a(d) = 2*d**2 - 176*d - 68. Calculate a(86).
-412
Let v(k) = 2*k**2 + 2217*k - 284081. Determine v(116).
3
Let f(y) = -427*y**2 - 15*y. Calculate f(-1).
-412
Let k(x) = -x**3 + 189*x**2 - 1684*x + 11476. Determine k(180).
-44
Let b(s) = s**3 + 192*s**2 + 1939*s + 53405. Give b(-183).
-31
Let a(w) = 387*w - 25171. Calculate a(65).
-16
Let m(h) = -h**3 + 75*h**2 + 17769*h - 733. Give m(-101).
-26
Let l(s) = 2*s**3 + 37*s**2 - 42*s + 139. Calculate l(-18).
1219
Let v(d) = 3*d**3 + 28*d**2 + 505*d + 3156. What is v(-7)?
-36
Let a(w) = 2*w**2 - 60*w + 498. Calculate a(18).
66
Let h(c) = c**2 - 73729*c - 294935. What is h(-4)?
-3
Let r(d) = -6*d**2 - 3059*d - 389411. Determine r(-264).
-11
Let a(b) = -20*b**2 - 504*b + 2878. Give a(-30).
-2
Let n(c) = -c**2 - 39*c + 356. What is n(-47)?
-20
Let g(f) = -3*f**2 - 143*f - 317. Give g(-30).
1273
Let h(a) = -29*a**2 - 304*a + 317. Determine h(5).
-1928
Let k(i) = 2*i**3 + 2019*i**2 - 2843*i - 1851339. What is k(-1010)?
-9
Let g(y) = 671*y - 91310. Calculate g(136).
-54
Let s(r) = -4115*r - 1222038. Determine s(-297).
117
Let k(w) = w**3 + 342*w**2 + 1452*w + 615678. Give k(-343).
-7
Let s(p) = -p**3 + 69*p**2 - 93*p + 411. Calculate s(68).
-1289
Let n(h) = -4*h**2 - 2030*h + 162989. Give n(-578).
-7
Let u(b) = -760*b + 1769. Give u(1).
1009
Let h(w) = 51*w**3 - 390*w**2 + 170*w + 414. Calculate h(7).
-13
Let k(o) = -166*o - 17655. Calculate k(-106).
-59
Let v(s) = 221*s + 2712. Determine v(-11).
281
Let u(f) = 5*f**2 - 2033*f - 28132. Determine u(420).
8
Let y(p) = -18749*p + 8530786. Give y(455).
-9
Let s(p) = p**3 + 150*p**2 + 2951*p + 3176. Give s(-22).
206
Let s(g) = g**3 + 18*g**2 - 327*g + 860. Give s(-32).
-3012
Let f(n) = 96*n**3 - 586*n**2 + 28*n - 18. Calculate f(6).
-210
Let o(t) = -142*t**2 + 3690*t + 40. Determine o(26).
-12
Let k(d) = 3*d**2 + 154*d - 63. What is k(17)?
3422
Let l(d) = -37645*d + 150069. Calculate l(4).
-511
Let q(r) = -19*r**2 + 7671*r + 23180. Calculate q(-3).
-4
Let z(t) = 16401*t + 82486. Give z(-5).
481
Let g(i) = 63*i**2 + 3554*i + 20195. Calculate g(-50).
-5
Let p(i) = i**3 - 133*i**2 + 4378*i + 146. Calculate p(73).
0
Let s(t) = 3986*t + 83011. Determine s(-21).
-695
Let p(j) = -13243*j + 1456741. Determine p(110).
11
Let u(b) = 8*b**2 - 1609*b + 54479. Determine u(158).
-31
Let q(h) = 2*h**2 - 1151*h + 113557. What is q(449)?
-40
Let n(w) = 4*w**2 + 151*w - 398. Calculate n(-40).
-38
Let l(x) = 4*x**2 + 9*x - 898. Determine l(19).
717
Let j(u) = 5675*u + 4965547. Give j(-875).
-78
Let j(b) = -2*b**3 + 97*b**2 - 140*b + 42. Determine j(47).
89
Let h(a) = 1560*a + 7916. Determine h(-5).
116
Let b(x) = 3336*x + 80155. What is b(-24)?
91
Let p(y) = y**3 + 34*y**2 + 46*y - 582. Calculate p(-32).
-6
Let o(j) = 70*j**2 - 489*j - 3. What is o(6)?
-417
Let a(z) = 556*z + 18444. Give a(-34).
-460
Let b(a) = -37*a**2 - 218*a + 348. Give b(-11).
-1731
Let y(l) = -2*l**2 + 22484*l - 336787. Calculate y(15).
23
Let i(b) = -1604*b - 2062. Determine i(-1).
-458
Let a(b) = 90*b + 1758. Give a(-20).
-42
Let v(r) = -8968*r - 116578. Calculate v(-13).
6
Let i(y) = -94159*y + 94167. Determine i(1).
8
Let y(r) = -r**3 - 120*r**2 - 74*r - 23603. Determine y(-121).
-8
Let p(q) = 32598*q - 7204163. Give p(221).
-5
Let b(o) = -2*o**2 + 17*o + 120. Determine b(-9).
-195
Let n(d) = d**3 + 108*d**2 + 1227*d + 94. Determine n(-12).
-806
Let r(f) = -303*f - 307. Calculate r(4).
-1519
Let t(l) = l**3 + l**2 - 724*l - 563. Give t(-27).
31
Let z(j) = -j**3 + 44*j**2 - 281*j - 1570. Calculate z(13).
16
Let t(u) = u**2 + 6306*u + 5933421. Give t(-1151).
16
Let u(t) = t**3 - 211*t**2 + 177*t + 6952. Calculate u(210).
22
Let j(o) = 79*o**2 - 17*o + 85. What is j(4)?
1281
Let l(x) = -3*x**2 - 116*x + 21406. Determine l(-106).
-6
Let w(u) = 8*u**2 + 2*u - 28. Determine w(-5).
162
Let z(w) = 6*w**3 + w**2 + 251*w - 544. Give z(2).
10
Let i(m) = 2*m**3 - 164*m**2 - 39*m + 3534. Determine i(82).
336
Let r(z) = z**2 + 6884*z + 2037934. What is r(-310)?
-6
Let s(d) = 11*d**2 + 1698*d + 2437. Give s(-153).
142
Let o(l) = 29*l**2 - 7294*l + 36451. What is o(5)?
706
Let h(p) = p**2 + 13997*p - 801079. Determine h(57).
-1
Let f(y) = -9017*y + 108476. Calculate f(12).
272
Let o(t) = 16*t**3 + 1614*t**2 - 411*t - 21128. What is o(-101)?
-19
Let s(n) = -16299*n + 48956. What is s(3)?
59
Let d(p) = -129858*p + 519435. Give d(4).
3
Let w(s) = 1334*s + 2683. What is w(-2)?
15
Let i(d) = 4*d**2 + 3990*d - 783221. What is i(168)?
-5
Let k(m) = 2*m**3 + 455*m**2 + 4827*m + 713. What is k(-11)?
9
Let w(r) = -r**3 - 231*r**2 - 12472*r - 292. Give w(-145).
-2
Let g(o) = -9*o**2 - 228*o - 151. Determine g(-26).
-307
Let c(q) = 2*q**2 - 113*q - 6397. Give c(-35).
8
Let l(n) = -n**3 - 86*n**2 - 174*n - 14907. Give l(-86).
57
Let d(p) = 9822*p + 39391. What is d(-4)?
103
Let x(q) = -q**3 - 26*q**2 - 70*q - 817. Calculate x(-24).
-289
Let k(i) = -75*i**2 + 46*i - 199. Calculate k(4).
-1215
Let k(r) = 3*r**2 - 658*r + 1412. Give k(217).
-107
Let q(l) = -132*l**3 - 27979*l**2 + 1057*l - 659. Calculate q(-212).
-23
Let l(n) = -1637*n - 455064. Calculate l(-278).
22
Let j(q) = 14*q**2 + 231*q + 902. Give j(-4).
202
Let s(j) = -j**3 - 134*j**2 - 466*j - 9575. What is s(-131)?
-12
Let h(k) = -k**3 - 33*k**2 + 335*k + 11734. Calculate h(-32).
-10
Let j(g) = 2854634*g - 11418541. What is j(4)?
-5
Let l(j) = -73*j**3 + 497*j**2 - 3*j + 108. What is l(7)?
-599
Let k(d) = 3088*d - 123529. Give k(40).
-9
Let b(y) = -y**3 - 71*y**2 - 700*y - 1881. What is b(-5)?
-31
Let c(j) = 15125*j - 317774. Give c(21).
-149
Let a(w) = -2500*w**2 - 32508*w - 3. What is a(-13)?
101
Let d(a) = 4*a**3 + 44*a**2 + 293*a + 2528. Give d(-10).
-2
Let z(p) = 9*p**3 - 7486*p**2 - 1649*p - 12486. Give z(832).
-6
Let o(t) = 17688*t + 1291231. Give o(-73).
7
Let b(o) = 5754*o**2 + 799807*o + 138. Determine b(-139).
-1
Let u(f) = 3*f**2 + 6999*f - 56043. Calculate u(8).
141
Let m(a) = -2*a**2 - 193*a - 2199. Give m(-11).
-318
Let c(x) = x**2 - 268*x - 17760. What is c(-55)?
5
Let w(u) = 20*u**3 - 18*u**2 - 71*u - 5. Determine w(-3).
-494
Let o(q) = q**2 - 738*q - 168505. Determine o(-183).
38
Let w(j) = -3*j**3 - 45*j**2 + 858*j + 12949. Give w(-15).
79
Let f(u) = 3786*u + 28271. Determine f(-7).
1769
Let v(k) = 7*k**2 + 598*k + 2953. Determine v(-80).
-87
Let v(u) = -u**2 + 48*u + 2168. Calculate v(73).
343
Let k(g) = 714628*g. Calculate k(0).
0
Let o(b) = -3*b**3 - 348*b**2 + 12110*b - 389. Calculate o(28).
3
Let m(c) = 148*c - 3422. Calculate m(24).
130
Let a(c) = 40571*c + 1866245. What is a(-46)?
-21
Let o(c) = -277*c - 2252. Give o(-11).
795
Let p(m) = -2*m**3 - 410*m**2 + 10950*m - 9593. What is p(-229)?
25
Let c(j) = -2*j**3 - 16*j**2 + 32*j + 65. Determine c(-9).
-61
Let v(o) = 51*o**3 - 86*o**2 + 138*o - 274. What is v(2)?
66
Let f(h) = 4*h**2 - 264*h - 189. Give f(72).
1539
Let v(p) = -p**3 - 38*p**2 - 212*p + 147. What is v(-9)?
-294
Let c(n) = -25571*n + 4474950. What is c(175)?
2